{"id":1479,"date":"2025-05-02T06:10:16","date_gmt":"2025-05-02T06:10:16","guid":{"rendered":"https:\/\/scirescareer.unibuc.ro\/?page_id=1479"},"modified":"2025-05-03T10:10:24","modified_gmt":"2025-05-03T10:10:24","slug":"conference-programme","status":"publish","type":"page","link":"https:\/\/scirescareer.unibuc.ro\/index.php\/conference-quantum-mechanics-physics-metaphysical-issues\/conference-programme\/","title":{"rendered":"Conference programme"},"content":{"rendered":"\n<p><strong><mark style=\"background-color:#8ed1fc\" class=\"has-inline-color has-black-color\">May 5<sup>th<\/sup><\/mark><\/strong> <\/p>\n\n\n\n<p><strong><mark style=\"background-color:rgba(0, 0, 0, 0)\" class=\"has-inline-color has-vivid-cyan-blue-color\">13:30-14:30 Welcome and Opening Remarks<\/mark><\/strong><\/p>\n\n\n\n<ul class=\"wp-block-list\">\n<li><strong>Constantin Vic\u0103 <\/strong>(University of Bucharest)<\/li>\n\n\n\n<li><strong>Lucian Ion<\/strong> (University of Bucharest)<\/li>\n\n\n\n<li><strong>Andrei M\u0103r\u0103<\/strong><strong>\u0219<\/strong><strong>oiu<\/strong> (University of Bucharest)<\/li>\n\n\n\n<li><strong>Virgil B\u0103ran<\/strong> (University of Bucharest)<\/li>\n\n\n\n<li><strong>Sorin Costreie <\/strong>(University of Bucharest)<\/li>\n<\/ul>\n\n\n\n<p><mark style=\"background-color:rgba(0, 0, 0, 0)\" class=\"has-inline-color has-vivid-cyan-blue-color\"><strong>14:30-15:00 Break<\/strong> <\/mark><\/p>\n\n\n\n<p><strong><mark style=\"background-color:rgba(0, 0, 0, 0)\" class=\"has-inline-color has-vivid-cyan-blue-color\">15:00 &#8211; 16:00 Plenary Session<\/mark><\/strong><\/p>\n\n\n\n<p><strong>15:00-15:30 Ioan Muntean <\/strong>(University of Texas Rio Grande Valley) <em>Quantum metaphysical indeterminacy with decoherence: a relational, hybrid, and epistemicist approach.<\/em><\/p>\n\n\n\n<p><strong>15:30-16:00<\/strong> <strong>\u015etefan Ataman<\/strong> (Horia Hulubei National Institute for R&amp;D in Physics and Nuclear Engineering) <em>Teaching quantum mechanics: what I learned from my students.<\/em><\/p>\n\n\n\n<p><mark style=\"background-color:rgba(0, 0, 0, 0)\" class=\"has-inline-color has-vivid-cyan-blue-color\"><strong>16:00-16:30<\/strong> <strong>Break<\/strong><\/mark><\/p>\n\n\n\n<p><strong><mark style=\"background-color:rgba(0, 0, 0, 0)\" class=\"has-inline-color has-vivid-cyan-blue-color\">Workshops for pupils, held in Romanian \u2013 in parallel with the Plenary Session<\/mark><\/strong><\/p>\n\n\n\n<p><strong>14:30-15:30 M\u0103d\u0103lina Boca<\/strong> (University of Bucharest) <em>Fizica imposibilului: Cum trec particulele prin pere\u021bi,<\/em> Amfiteatrul A2<\/p>\n\n\n\n<p><strong>14:30-15:30 Leonard Gebac<\/strong> (University of Bucharest) <em>Selfie cu atomii<\/em>, Laboratorul de fizic\u0103 atomic\u0103<\/p>\n\n\n\n<p><strong>15:30-16:30 Iulia Ghiu<\/strong> (University of Bucharest) <em>Introducere in criptografia cuantic\u0103,<\/em> Amfiteatrul A2<\/p>\n\n\n\n<p><strong><mark style=\"background-color:rgba(0, 0, 0, 0)\" class=\"has-inline-color has-vivid-cyan-blue-color\">16:30- 17:50 Roundtable<\/mark><\/strong><\/p>\n\n\n\n<p><strong><mark style=\"background-color:rgba(0, 0, 0, 0)\" class=\"has-inline-color has-vivid-cyan-blue-color\">18:00-19:00 Keynote Address<\/mark><\/strong><\/p>\n\n\n\n<p><strong>Mircea Flonta (University of Bucharest)<\/strong> <strong><em>Ce fel de filosofie este filosofia \u015ecolii de la Copenhaga?<\/em><\/strong> (*Romanian)<\/p>\n\n\n\n<p><mark style=\"background-color:#8ed1fc\" class=\"has-inline-color\"><strong>May 6<sup>th<\/sup><\/strong> <\/mark><\/p>\n\n\n\n<p><mark style=\"background-color:rgba(0, 0, 0, 0)\" class=\"has-inline-color has-vivid-cyan-blue-color\"><strong>Plenary Sessions<\/strong> <strong>(10.00 &#8211; 13.00)<\/strong><\/mark><\/p>\n\n\n\n<p><strong>10:00-10:30 Aurelian Isar<\/strong> (Horia Hulubei National Institute for R&amp;D in Physics and Nuclear Engineering; University of Bucharest) <em>Marvels of the Micro-Universe \u2013 Quantum Leap Through Time<\/em><\/p>\n\n\n\n<p><strong>10:30-11:00<\/strong> <strong>Daniel Ursescu<\/strong> (Horia Hulubei National Institute for R&amp;D in Physics and Nuclear Engineering; University of Bucharest) <em>Reflection on objects and concepts in Physics after one century of Quantum Mechanics<\/em><\/p>\n\n\n\n<p><strong>11:00:11:30 Ana-Nicoleta Bondar<\/strong> (University of Bucharest) <em>Cell signalling in the brain: how we use quantum mechanics, classical mechanics, and graph theory to understand opioid receptors.<\/em><\/p>\n\n\n\n<p><strong>11:30-12:00 Andrei M\u0103r\u0103\u015foiu <\/strong>(University of Bucharest)<em>Seeing it with your own eyes: visualisation and understanding.<\/em><\/p>\n\n\n\n<p><strong>12:00-12:30 Radu Ionicioiu <\/strong>(Department of Theoretical Physics Horia Hulubei National Institute of Physics and Nuclear Engineering IFIN-HH) <em>Einstein, Wheeler, Bohr &#8211; from classical to quantum delayed-choice.<\/em><\/p>\n\n\n\n<p><strong>12:30 -13:00 Maria \u021ai\u021beica<\/strong> (University of Bucharest) <em>After 100 years: quantum mechanics viewed by physics and philosophy<\/em><\/p>\n\n\n\n<p><strong><mark style=\"background-color:rgba(0, 0, 0, 0)\" class=\"has-inline-color has-vivid-cyan-blue-color\">13:00-14:00 Break<\/mark><\/strong><\/p>\n\n\n\n<p><strong><mark style=\"background-color:rgba(0, 0, 0, 0)\" class=\"has-inline-color has-vivid-cyan-blue-color\">Contributed Talks<\/mark><\/strong><\/p>\n\n\n\n<p><strong>14:00 -14:30 Miller Ryan (University of Geneva<em>) <\/em><\/strong><em>No Metaphysical Advantage for Bohmians.<\/em><\/p>\n\n\n\n<p><strong>14:30 -15:00 Cayuss Andrei Mih\u0103i<\/strong><strong>\u021b<\/strong><strong>oaia<\/strong> (University of Bucharest; Horia Hulubei National Institute for R&amp;D in Physics and Nuclear Engineering) <em>How is thermal equilibrium extended to quantum mechanics? Intuition and paradoxes.<\/em><\/p>\n\n\n\n<p><strong>15:00 &#8211; 15:30 Andreea Silvia Goia <\/strong>(University of Bucharest; Horia Hulubei National Institute for R&amp;D in Physics and Nuclear Engineering) <em>Quantum cheshire cat: can particles be separated from their properties?<\/em><\/p>\n\n\n\n<p><strong><mark style=\"background-color:rgba(0, 0, 0, 0)\" class=\"has-inline-color has-vivid-cyan-blue-color\">15:30 &#8211; 16:00 Break<\/mark><\/strong><\/p>\n\n\n\n<p><strong><mark style=\"background-color:rgba(0, 0, 0, 0)\" class=\"has-inline-color has-vivid-cyan-blue-color\">Workshops for pupils, held in Romanian \u2013 in parallel with Contributed Talks<\/mark><\/strong><\/p>\n\n\n\n<p><strong>14:00-14:45 Andrei M\u0103r\u0103\u015foiu<\/strong> (University of Bucharest) <em>Ce este o cauz\u0103?,<\/em> Amfiteatrul A2<\/p>\n\n\n\n<p><strong>15:00-15:45 Sandra Br\u00e2nzaru<\/strong> (University of Bucharest) <em>Ce este o explica\u0163ie?,<\/em> Amfiteatrul A2<\/p>\n\n\n\n<p><strong>16:00-17:00 Andreea Croitoru<\/strong> (University of Bucharest) <em>Ce au \u00een comun o pisic\u0103, o dam\u0103 de pic\u0103 \u0219i un calculator cuantic?,<\/em> Amfiteatrul A1<\/p>\n\n\n\n<p><strong>16:00-17:00 M\u0103d\u0103lina Boca <\/strong>(University of Bucharest) <em>Fizica imposibilului: Cum trec particulele prin pere\u021bi<em>,<\/em> Amfiteatrul A2<\/em>.<\/p>\n\n\n\n<p><strong>16:00-17:00 Keynote Address: Sorin Bangu (University of Bergen) <em>Non-causal explanations in Quantum Mechanics<\/em>.<\/strong><\/p>\n\n\n\n<p><strong><mark style=\"background-color:#8ed1fc\" class=\"has-inline-color\">May 7<sup>th<\/sup><\/mark><\/strong><\/p>\n\n\n\n<p><strong><mark style=\"background-color:rgba(0, 0, 0, 0)\" class=\"has-inline-color has-vivid-cyan-blue-color\">10:00 &#8211; 13.00 Contributed Talks<\/mark><\/strong><\/p>\n\n\n\n<p><strong>10:00-10:30 Daniel-Grigore Chelaru <\/strong>(University of Bucharest) <em>An observer-centric approach to the measurement and time problems of quantum mechanics.<\/em><\/p>\n\n\n\n<p><strong>10:30-11:00 <em>Marina Cuzminschi<\/em><\/strong><em> (Horia Hulubei National Institute for R&amp;D in Physics and Nuclear Engineering) Nonlocal correlations and quantum communication.<\/em><\/p>\n\n\n\n<p><strong>11:00-11:30 Lena Ro\u015fu <\/strong>(University of Bucharest) <em>Unravelling Temporal Knots.<\/em><\/p>\n\n\n\n<p><strong>11:30-12:00 Andrew-Julian Tatu<\/strong> (University of Bucharest) <em>\u015fi <\/em><strong>Robert Antonio Iv\u0103nescu <\/strong>(University of Bucharest) <em>Revisiting the Double-Slit Experiment: Observation, Reality, and a New Perspective.<\/em><\/p>\n\n\n\n<p><strong>12:00-12:30&nbsp;Fern\u00e1ndez Cuesta Jos\u00e9 Alejandro<\/strong><em> <\/em>(Universidad Complutense de Madrid) <em>Quantum Logics and Metaphysics.<\/em><\/p>\n\n\n\n<p><strong>12:30-13:00 Andreea Cruglic-Popescu (Ghinescu)<\/strong> (University of Bucharest) <em>Title: TBA<\/em><\/p>\n\n\n\n<p><strong><mark style=\"background-color:rgba(0, 0, 0, 0)\" class=\"has-inline-color has-vivid-cyan-blue-color\">13:00-14:00&nbsp;Break<\/mark><\/strong><\/p>\n\n\n\n<p><strong>14:00-14:30 Ristea Victor<\/strong> (University of Bucharest) <em>Quantum mechanics did not save free will and quantum computing will not save the simulation theory either.<\/em><\/p>\n\n\n\n<p><strong>14:30-15:00 Peter Hertogh<\/strong> (Chongqing University and VUB Brussels) <em>Thought Experimental Analyses of Albert Einstein&#8217;s Chasing a Beam of Light.<\/em><\/p>\n\n\n\n<p><strong>15:00: &#8211; 15:30<\/strong> <strong>Alexandru Chirvas\u0103<\/strong> (University of Bucharest; Horia Hulubei National Institute for R&amp;D in Physics and Nuclear Engineering) <em>Dynamics of Quantum Correlations based on R\u00e9nyi-2 Entropy.<\/em><\/p>\n\n\n\n<p><strong>15:30 -16:00<\/strong>&nbsp;A<strong>lina-Alexandra Stoica<\/strong> (Horia Hulubei National Institute for R&amp;D in Physics and Nuclear Engineering; University of Bucharest) <em>Environment-assisted generation of quantum correlations in open quantum systems.<\/em><\/p>\n\n\n\n<p><strong>16:00-16:30<\/strong> <strong>Juan Vila <\/strong>(University of Buenos Aires) <em>What is real is relational: a metaphysical assessment of Relational Quantum Mechanics.<\/em><\/p>\n\n\n\n<p><strong>16:30-17:00 Tatiana Mih\u0103escu (Horia Hulubei National Institute for R&amp;D in Physics and Nuclear Engineering) <\/strong><em>Entanglement and Steering in Continuous Variable States.<\/em><\/p>\n\n\n\n<p><strong><mark style=\"background-color:rgba(0, 0, 0, 0)\" class=\"has-inline-color has-vivid-cyan-blue-color\">17:00 &#8211; 17:30 Concluding Remarks<\/mark><\/strong><\/p>\n","protected":false},"excerpt":{"rendered":"<p>May 5th 13:30-14:30 Welcome and Opening Remarks 14:30-15:00 Break 15:00 &#8211; 16:00 Plenary Session 15:00-15:30 Ioan Muntean (University of Texas Rio Grande Valley) Quantum metaphysical indeterminacy with decoherence: a relational, hybrid, and epistemicist approach. 15:30-16:00 \u015etefan Ataman (Horia Hulubei National Institute for R&amp;D in Physics and Nuclear Engineering) Teaching quantum mechanics: what I learned from&#8230;<\/p>\n","protected":false},"author":1,"featured_media":0,"parent":1388,"menu_order":0,"comment_status":"closed","ping_status":"closed","template":"","meta":{"footnotes":""},"class_list":["post-1479","page","type-page","status-publish","hentry"],"jetpack-related-posts":[],"jetpack_sharing_enabled":true,"_links":{"self":[{"href":"https:\/\/scirescareer.unibuc.ro\/index.php\/wp-json\/wp\/v2\/pages\/1479","targetHints":{"allow":["GET"]}}],"collection":[{"href":"https:\/\/scirescareer.unibuc.ro\/index.php\/wp-json\/wp\/v2\/pages"}],"about":[{"href":"https:\/\/scirescareer.unibuc.ro\/index.php\/wp-json\/wp\/v2\/types\/page"}],"author":[{"embeddable":true,"href":"https:\/\/scirescareer.unibuc.ro\/index.php\/wp-json\/wp\/v2\/users\/1"}],"replies":[{"embeddable":true,"href":"https:\/\/scirescareer.unibuc.ro\/index.php\/wp-json\/wp\/v2\/comments?post=1479"}],"version-history":[{"count":19,"href":"https:\/\/scirescareer.unibuc.ro\/index.php\/wp-json\/wp\/v2\/pages\/1479\/revisions"}],"predecessor-version":[{"id":1505,"href":"https:\/\/scirescareer.unibuc.ro\/index.php\/wp-json\/wp\/v2\/pages\/1479\/revisions\/1505"}],"up":[{"embeddable":true,"href":"https:\/\/scirescareer.unibuc.ro\/index.php\/wp-json\/wp\/v2\/pages\/1388"}],"wp:attachment":[{"href":"https:\/\/scirescareer.unibuc.ro\/index.php\/wp-json\/wp\/v2\/media?parent=1479"}],"curies":[{"name":"wp","href":"https:\/\/api.w.org\/{rel}","templated":true}]}}