{"id":910,"date":"2024-04-12T16:39:44","date_gmt":"2024-04-12T16:39:44","guid":{"rendered":"https:\/\/scirescareer.unibuc.ro\/?page_id=910"},"modified":"2024-04-12T16:40:40","modified_gmt":"2024-04-12T16:40:40","slug":"despre-scirescareer","status":"publish","type":"page","link":"https:\/\/scirescareer.unibuc.ro\/index.php\/despre-scirescareer\/","title":{"rendered":"Despre SciResCareer"},"content":{"rendered":"\n<p class=\"has-text-align-justify\"><em>Centrul Regional de Orientare \u0219i Consiliere \u00een Cariera de Cercet\u0103tor \u2013 Bucure\u0219ti-Ilfov<\/em> (denumit \u00een continuare <em>SciResCareer<\/em>) reprezint\u0103 o structur\u0103 organizatoric\u0103 a Universit\u0103\u021bii din Bucure\u0219ti (UB) \u00eenfiin\u021bat\u0103 \u00een iulie 2023 cu\u00a0<strong>scopul<\/strong>\u00a0de a deservi \u00eentreaga comunitate \u0219tiin\u021bific\u0103 din universit\u0103\u021bi de cercetare avansat\u0103, institutele na\u021bionale de cercetare-dezvoltare aflate \u00een coordonarea (MCID), unit\u0103\u021bile de cercetare aflate sub coordonarea Academiei Rom\u00e2ne, precum \u0219i companiile private care desf\u0103\u0219oar\u0103 activit\u0103\u021bi de cercetare-dezvoltare \u0219i inovare (CDI) din regiunea de dezvoltare Bucure\u0219ti-Ilfov.<\/p>\n\n\n\n<p class=\"has-text-align-justify\"><strong>Scopul<\/strong>&nbsp;SciResCareer este de a dezvolta interesul \u0219i de a consolida competen\u021bele pentru cariera de cercet\u0103tor \u00een r\u00e2ndul tinerilor (elevi, studen\u021bi, doctoranzi, postdoctoranzi), de a cre\u0219te capacitatea de angajare \u0219i atractivitatea carierelor de cercetare, dar \u0219i a altor categorii de cet\u0103\u021beni a c\u0103ror con\u0219tientizare duce la cre\u0219terea competitivit\u0103\u021bii \u00een RBI.<\/p>\n\n\n\n<p class=\"has-text-align-justify\">\u00cenfiin\u021barea SciResCareer se \u00eenscrie \u00een cerin\u021bele proiectului finan\u021bat prin Planul Na\u021bional de Redresare \u0219i Rezilien\u021b\u0103,\u00a0<strong>Componenta C9<\/strong><em>\u00a0&#8211; Suport pentru sectorul privat, cercetare, dezvoltare \u0219i inovare\u00a0<\/em>a\u00a0<strong>Pilonului III<\/strong>\u00a0<em>Cre\u0219tere inteligent\u0103, sustenabil\u0103 \u0219i favorabil\u0103 incluziunii, inclusiv coeziune economic\u0103, locuri de munc\u0103, productivitate, competitivitate, cercetare, dezvoltare \u0219i inovare, precum \u0219i o pia\u021b\u0103 intern\u0103 func\u021bional\u0103, cu \u00eentreprinderi mici \u0219i mijlocii (IMM-uri) puternice<\/em>.\u00a0<em>SciResCareer<\/em>\u00a0va beneficia de calitatea \u0219i diversitatea activit\u0103\u021bii de cercetare, expertiza resursei umane specializate \u00een domenii de cercetare din sfera matematicii \u0219i \u0219tiin\u021belor naturii, \u0219tiin\u021belor biomedicale, \u0219tiin\u021belor inginere\u0219ti, \u0219tiin\u021belor sociale, \u0219tiin\u021belor umaniste \u0219i arte, de colabor\u0103rile na\u021bionale \u0219i interna\u021bionale \u00een toate domeniile de cercetare, de alian\u021bele universitare europene \u00een care UB este implicat\u0103.<\/p>\n","protected":false},"excerpt":{"rendered":"<p>Centrul Regional de Orientare \u0219i Consiliere \u00een Cariera de Cercet\u0103tor \u2013 Bucure\u0219ti-Ilfov (denumit \u00een continuare SciResCareer) reprezint\u0103 o structur\u0103 organizatoric\u0103 a Universit\u0103\u021bii din Bucure\u0219ti (UB) \u00eenfiin\u021bat\u0103 \u00een iulie 2023 cu\u00a0scopul\u00a0de a deservi \u00eentreaga comunitate \u0219tiin\u021bific\u0103 din universit\u0103\u021bi de cercetare avansat\u0103, institutele na\u021bionale de cercetare-dezvoltare aflate \u00een coordonarea (MCID), unit\u0103\u021bile de cercetare aflate sub coordonarea Academiei&#8230;<\/p>\n","protected":false},"author":1,"featured_media":0,"parent":0,"menu_order":0,"comment_status":"closed","ping_status":"closed","template":"","meta":{"footnotes":""},"class_list":["post-910","page","type-page","status-publish","hentry"],"jetpack-related-posts":[],"jetpack_sharing_enabled":true,"_links":{"self":[{"href":"https:\/\/scirescareer.unibuc.ro\/index.php\/wp-json\/wp\/v2\/pages\/910","targetHints":{"allow":["GET"]}}],"collection":[{"href":"https:\/\/scirescareer.unibuc.ro\/index.php\/wp-json\/wp\/v2\/pages"}],"about":[{"href":"https:\/\/scirescareer.unibuc.ro\/index.php\/wp-json\/wp\/v2\/types\/page"}],"author":[{"embeddable":true,"href":"https:\/\/scirescareer.unibuc.ro\/index.php\/wp-json\/wp\/v2\/users\/1"}],"replies":[{"embeddable":true,"href":"https:\/\/scirescareer.unibuc.ro\/index.php\/wp-json\/wp\/v2\/comments?post=910"}],"version-history":[{"count":3,"href":"https:\/\/scirescareer.unibuc.ro\/index.php\/wp-json\/wp\/v2\/pages\/910\/revisions"}],"predecessor-version":[{"id":913,"href":"https:\/\/scirescareer.unibuc.ro\/index.php\/wp-json\/wp\/v2\/pages\/910\/revisions\/913"}],"wp:attachment":[{"href":"https:\/\/scirescareer.unibuc.ro\/index.php\/wp-json\/wp\/v2\/media?parent=910"}],"curies":[{"name":"wp","href":"https:\/\/api.w.org\/{rel}","templated":true}]}}